 (18 - (1 - -3)). Suppose 108 = d*h - 9*h. Calculate the greatest common divisor of m and h.
27
Suppose 36*n - 65528 = 2512. Suppose 3*u + n = 18*u. What is the greatest common factor of u and 294?
42
Let x(h) = h + 8 + 4*h - 4*h. Let k be -8 - (-3 + -12 - 1). Let q be x(k). Calculate the highest common factor of 16 and q.
16
Let f be 7/2*1*(-28)/(-49). Suppose 22*k = -2*m + 18*k + 200, -f*k = -4*m + 450. Calculate the highest common divisor of 10 and m.
10
Let j(i) = -5*i - 2*i**2 - 2 - 2*i**3 + 12*i - 7*i. Let w be j(-2). Let n be (12/w)/(4/18). Calculate the highest common factor of 18 and n.
9
Let o(x) = -3*x**2 - x + 46. Let q be o(11). Let p = q + 338. Calculate the highest common factor of 80 and p.
10
Suppose 4*v + 74 = -314. Let b = -92 - v. Suppose -4*n - 3*p + 152 = 0, 6*p - p = -3*n + 125. What is the greatest common divisor of n and b?
5
Let s(m) = 990*m**3 - 6*m**2 + 14*m - 11. Let r be s(2). Calculate the greatest common factor of r and 41.
41
Let n(a) = a**2 - 13*a - 41. Let o be n(16). Suppose -261 = -o*v - 2*v. What is the highest common divisor of 290 and v?
29
Let r = -1315 - -1349. Let m = 7 + -5. Suppose -3*y = -m*s + 49, 2*s + y = -2*s + 63. What is the greatest common divisor of s and r?
17
Let r(m) = -1232*m + 138. Let a be r(-6). Suppose 2*x = 2*d + 3006, 0*x + 2*d + a = 5*x. Calculate the greatest common divisor of x and 52.
52
Let y be ((-36)/3)/(-3) + 1. Let j = 2259 + -2224. Calculate the greatest common factor of y and j.
5
Let k(i) be the second derivative of i**3/2 - 4*i**2 + 38*i. Let y be k(2). Let u be 1 + y + 2 + 0 + 32. Calculate the greatest common factor of 33 and u.
33
Suppose 0 = -483*k - 470*k + 931*k + 1254. What is the greatest common divisor of 19 and k?
19
Suppose 4*t = 3*o - 1099, 349 = o - 11*t + 14*t. Let x = -43 + 62. Calculate the greatest common factor of o and x.
19
Suppose 0 = k + 41 - 46. Suppose -5*w + 2*t + 5 = -21, k*t + 35 = 5*w. Let l be 20/(0 + w) - -16. Calculate the highest common factor of l and 231.
21
Suppose 24 = -4*p + 440. Suppose 176*h - 168*h = p. What is the greatest common divisor of 1 and h?
1
Let h = 16785 + -16105. What is the highest common factor of 765 and h?
85
Suppose 4*u - 210 = 90. Suppose 81 = -7*i - 2*i. Let r be (-11 - i)/((-1)/15). What is the greatest common factor of u and r?
15
Let d(s) = 9*s**2 + 28*s - 119. Let q be d(-7). Calculate the highest common divisor of q and 3717.
63
Let c be (1/(-3))/(63/(-39312)). Let h = c - 172. What is the highest common divisor of h and 648?
36
Let u = 181 - -39. Suppose -8*z = -224 + 64. Let j be z - (-4 + 4 + 0). Calculate the highest common factor of j and u.
20
Let x be ((-3 + -1)/2)/((-16)/(-56)). Let i be x*(7 - (-225)/(-21)). Let c be ((-117)/(-4))/((-1)/(-8)). What is the greatest common divisor of i and c?
26
Let u be (6/(-8))/1 + (-2497)/(-44). Suppose -4*h = 3*w - 88, u*h = 55*h + 3*w + 37. What is the greatest common factor of h and 775?
25
Let o be 3/(-18)*-3*1548. Suppose -139*j + 360 = -119*j. What is the highest common divisor of j and o?
18
Let j(z) = z**3 - 51*z**2 + 66*z + 168. Let o be j(50). Suppose 2*q - o = -4*a, -2*a + q + 273 = -211. Calculate the highest common factor of 44 and a.
22
Let c = 12798 - 12743. Calculate the greatest common divisor of 3949 and c.
11
Let n(s) = -22*s + 64. Let c(f) = 5*f - 16. Let a(b) = -9*c(b) - 2*n(b). Let v be a(-17). Calculate the greatest common divisor of 264 and v.
33
Let s be (-1872)/(-390)*40/12. Calculate the greatest common divisor of 7280 and s.
16
Let a = -4330 + 5968. Calculate the greatest common divisor of a and 130.
26
Let h(b) = 320*b**2 + 161*b + 161. Let i be h(-1). What is the greatest common factor of i and 448?
64
Suppose 87*i + 305*i = 26656. Suppose -p + 35 = 2*t, 6*t - t - 5*p = 80. What is the highest common divisor of t and i?
17
Let n be (-4)/(-40) - (3 + 91219/(-10)). Calculate the greatest common divisor of 11 and n.
11
Let m = 479 + -479. Suppose -3*y + 3 = -m, 5*t + y = 106. What is the highest common factor of 385 and t?
7
Let g = -148 + 340. Let w(o) = 20*o - 168. Let t be w(9). What is the greatest common divisor of g and t?
12
Let f = 13753 - 13727. What is the highest common divisor of 4 and f?
2
Let x = 288 - 294. Let m(z) = z**3 + 8*z**2 + 20*z + 56. Let h be m(x). What is the highest common factor of h and 36?
4
Let k = -1680 - -4605. What is the greatest common factor of 234 and k?
117
Let w(r) = 15*r - 1. Let g(l) = -16*l. Let u(v) = -4*g(v) - 6*w(v). Let t be u(-2). Let x = t - 51. Calculate the highest common factor of x and 1.
1
Suppose -61*u - 44*u = -77*u - 5208. Calculate the highest common divisor of 2697 and u.
93
Let d = 9994 + -9670. Calculate the greatest common factor of d and 636.
12
Let v(c) = 15*c**2 + 3*c + 3 + c**2 - c**3 + 3*c**2. Let x be v(19). Suppose -t - x = -6*t. Calculate the highest common factor of t and 132.
12
Let l be ((-3 - -1) + -13)*(28 + -35). Calculate the highest common divisor of 17115 and l.
105
Suppose 0 = -4*p + 2*z + 118, 4*p - p - 86 = 2*z. Let i = p - 29. Suppose -2*q - i = -u, 0 = 3*q - 5 + 2. Calculate the greatest common factor of u and 2.
1
Let g = -72 - -120. Suppose -5*c + 226 = 4*z - 3*c, 4*z - 2*c = 206. Let w = z - g. Calculate the highest common factor of w and 42.
6
Let b(i) = -i**2 - 24*i - 17. Let g be b(-11). What is the highest common divisor of 2982 and g?
42
Let g(u) = -9*u**3 + 4*u**2 + 7*u - 6. Let c be g(-3). Suppose -c = 3*h - 17*h. Calculate the highest common divisor of h and 288.
18
Suppose 266*v - 4283 - 8485 = 0. What is the greatest common factor of v and 14?
2
Let o(y) = y**3 + 13*y**2 - 7*y + 5. Let p be o(-13). Let j be ((-7)/(-28)*0)/2. Suppose -13*k - 3*k + 576 = j. What is the greatest common factor of k and p?
12
Suppose 10 = -8*a - 38. Let f be 15 - (0 - a/6). Calculate the greatest common factor of f and 252.
14
Suppose 0 = -5*g + 5*w + 15393 + 4232, 3*w + 19641 = 5*g. What is the greatest common factor of 266 and g?
19
Let h(p) = p**3 + 4*p**2 + p + 5. Let g be h(-4). Suppose 20*u - 179 = 19*u. Let n = 186 - u. What is the highest common divisor of g and n?
1
Suppose -45*m - 6*m + 6785 = -2701. Calculate the highest common divisor of m and 7533.
93
Let y be 0 + (294/15 - (-6)/(-10)). Suppose -800 = -y*d + 1328. Calculate the highest common divisor of d and 32.
16
Suppose -48*i + 45*i + 63 = 2*h, 4*h = 2*i + 102. Let q(a) = a**3 - 7*a**2 + a - 9. Let m be q(8). What is the greatest common divisor of m and h?
9
Let s(m) = 10*m + 4. Let d be s(12). Let y be (-7)/(-2)*105276/1981. What is the highest common factor of d and y?
62
Let x = 15310 - 15296. What is the highest common divisor of 441 and x?
7
Let k be (4/12 + -1)/((-4)/(-150)). Let r be (15/k)/((-3)/495). What is the greatest common factor of r and 33?
33
Let v = 66 - 60. Suppose x = 5*g - 45, -g + v*x = x - 9. Calculate the highest common factor of 15 and g.
3
Let j(c) = -3357*c**3 + c**2 - 66*c - 66. Let i be j(-1). What is the highest common divisor of i and 365?
73
Let p(n) = -n**2 - 13*n + 54. Let z be p(-16). Suppose z + 39 = 9*i. Calculate the greatest common divisor of 80 and i.
5
Suppose -4*u = 14 - 26. Let t(w) = u + 0 + 3 - 3 + 6*w. Let p be t(6). What is the highest common divisor of 13 and p?
13
Let p be 6*(-11)/(-1023) + (-25660)/(-124). What is the highest common factor of 23 and p?
23
Let i(q) = 108*q - 1460. Let o be i(14). What is the greatest common divisor of 13728 and o?
52
Suppose -22*g = -2*g + 15 - 215. What is the greatest common divisor of g and 82?
2
Let o be (85*(-3)/(-30) + -7)*2926. What is the highest common factor of o and 462?
231
Let b be 46/((-5060)/(-1375))*8/5. What is the greatest common factor of 476 and b?
4
Let a be 1 - (-1 - (1 + -1)). Let j(l) = -7*l**2 - 330*l - 1105. Let b be j(-43). Calculate the greatest common factor of a and b.
2
Let o be ((-20)/(-30))/(2/(-2286)). Let u = o + 1389. What is the highest common factor of u and 57?
57
Let j = 520 + -518. What is the highest common factor of 27 and j?
1
Let o = -1260 + 1505. What is the greatest common divisor of 49 and o?
49
Suppose 9 - 4 = s. Suppose -i - 3*j = -156, -s*i = -2*i - 4*j - 455. Suppose 0 = 8*t - 1398 + 1262. What is the greatest common factor of i and t?
17
Suppose -256 = -36